{"id":1052,"date":"2025-07-21T18:31:44","date_gmt":"2025-07-21T16:31:44","guid":{"rendered":"https:\/\/jardinkayruna.edu.co\/cali\/?page_id=1052"},"modified":"2025-08-25T21:44:10","modified_gmt":"2025-08-25T19:44:10","slug":"nuestros-ambientes","status":"publish","type":"page","link":"https:\/\/jardinkayruna.edu.co\/cali\/nuestros-ambientes\/","title":{"rendered":"Nuestros ambientes"},"content":{"rendered":"\t\t<div data-elementor-type=\"wp-page\" data-elementor-id=\"1052\" class=\"elementor elementor-1052\" data-elementor-post-type=\"page\">\n\t\t\t\t<div class=\"elementor-element elementor-element-05b6431 e-con-full e-flex e-con e-parent\" data-id=\"05b6431\" data-element_type=\"container\" data-settings=\"{&quot;background_background&quot;:&quot;classic&quot;}\">\n\t\t<div class=\"elementor-element elementor-element-d34567e e-con-full e-flex e-con e-child\" data-id=\"d34567e\" data-element_type=\"container\">\n\t\t<div class=\"elementor-element elementor-element-e44cc82 e-con-full e-flex e-con e-child\" data-id=\"e44cc82\" data-element_type=\"container\" data-settings=\"{&quot;background_background&quot;:&quot;classic&quot;}\">\n\t\t<div class=\"elementor-element elementor-element-7024d28 e-con-full e-flex elementor-invisible e-con e-child\" data-id=\"7024d28\" data-element_type=\"container\" data-settings=\"{&quot;background_background&quot;:&quot;classic&quot;,&quot;animation&quot;:&quot;fadeInDown&quot;}\">\n\t\t<div class=\"elementor-element elementor-element-5b85199 e-con-full e-flex e-con e-child\" data-id=\"5b85199\" data-element_type=\"container\">\n\t\t\t\t<div class=\"elementor-element elementor-element-dcdda7e elementor-widget elementor-widget-heading\" data-id=\"dcdda7e\" data-element_type=\"widget\" data-widget_type=\"heading.default\">\n\t\t\t\t<div class=\"elementor-widget-container\">\n\t\t\t\t\t<h2 class=\"elementor-heading-title elementor-size-default\">Espacios y Ambientes Kayruna<\/h2>\t\t\t\t<\/div>\n\t\t\t\t<\/div>\n\t\t\t\t<\/div>\n\t\t\t\t<\/div>\n\t\t\t\t<\/div>\n\t\t\t\t<\/div>\n\t\t\t\t<\/div>\n\t\t<div class=\"elementor-element elementor-element-1d5f856 e-flex e-con-boxed e-con e-parent\" data-id=\"1d5f856\" data-element_type=\"container\" data-settings=\"{&quot;background_background&quot;:&quot;slideshow&quot;,&quot;background_slideshow_gallery&quot;:[{&quot;id&quot;:1486,&quot;url&quot;:&quot;https:\\\/\\\/jardinkayruna.edu.co\\\/cali\\\/wp-content\\\/uploads\\\/2025\\\/07\\\/FONDOS_Mesa-de-trabajo-1-copia-scaled.png&quot;}],&quot;background_slideshow_slide_transition&quot;:&quot;slide_down&quot;,&quot;background_slideshow_slide_duration&quot;:5000,&quot;background_slideshow_transition_duration&quot;:500}\">\n\t\t\t\t\t<div class=\"e-con-inner\">\n\t\t\t\t<div class=\"elementor-element elementor-element-28cc16c elementor--h-position-center elementor--v-position-middle elementor-arrows-position-inside elementor-pagination-position-inside elementor-widget elementor-widget-slides\" data-id=\"28cc16c\" data-element_type=\"widget\" data-settings=\"{&quot;navigation&quot;:&quot;both&quot;,&quot;autoplay&quot;:&quot;yes&quot;,&quot;pause_on_hover&quot;:&quot;yes&quot;,&quot;pause_on_interaction&quot;:&quot;yes&quot;,&quot;autoplay_speed&quot;:5000,&quot;infinite&quot;:&quot;yes&quot;,&quot;transition&quot;:&quot;slide&quot;,&quot;transition_speed&quot;:500}\" data-widget_type=\"slides.default\">\n\t\t\t\t<div class=\"elementor-widget-container\">\n\t\t\t\t\t\t\t\t\t<div class=\"elementor-swiper\">\n\t\t\t\t\t<div class=\"elementor-slides-wrapper elementor-main-swiper swiper\" role=\"region\" aria-roledescription=\"carousel\" aria-label=\"Diapositivas\" dir=\"ltr\" data-animation=\"fadeInUp\">\n\t\t\t\t<div class=\"swiper-wrapper elementor-slides\">\n\t\t\t\t\t\t\t\t\t\t<div class=\"elementor-repeater-item-9d0c755 swiper-slide\" role=\"group\" aria-roledescription=\"slide\"><div class=\"swiper-slide-bg\" role=\"img\"><\/div><div class=\"swiper-slide-inner\" ><div class=\"swiper-slide-contents\"><div class=\"elementor-slide-heading\">Sala de lectura <\/div><div class=\"elementor-slide-description\">\"Bosque de los Cuentos\"<\/div><\/div><\/div><\/div><div class=\"elementor-repeater-item-21c7151 swiper-slide\" role=\"group\" aria-roledescription=\"slide\"><div class=\"swiper-slide-bg\" role=\"img\"><\/div><div class=\"swiper-slide-inner\" ><div class=\"swiper-slide-contents\"><div class=\"elementor-slide-heading\">Gimnasio Infantil<\/div><\/div><\/div><\/div><div class=\"elementor-repeater-item-7c297d8 swiper-slide\" role=\"group\" aria-roledescription=\"slide\"><div class=\"swiper-slide-bg\" role=\"img\"><\/div><div class=\"swiper-slide-inner\" ><div class=\"swiper-slide-contents\"><div class=\"elementor-slide-heading\">Sala de expresi\u00f3n<\/div><div class=\"elementor-slide-description\">\"Ritmo y movimiento\"<\/div><\/div><\/div><\/div><div class=\"elementor-repeater-item-d36370d swiper-slide\" role=\"group\" aria-roledescription=\"slide\"><div class=\"swiper-slide-bg\" role=\"img\"><\/div><div class=\"swiper-slide-inner\" ><div class=\"swiper-slide-contents\"><div class=\"elementor-slide-heading\">Sala de artes pl\u00e1sticas<\/div><div class=\"elementor-slide-description\">\"Garabatos\"<\/div><\/div><\/div><\/div><div class=\"elementor-repeater-item-a661273 swiper-slide\" role=\"group\" aria-roledescription=\"slide\"><div class=\"swiper-slide-bg\" role=\"img\"><\/div><div class=\"swiper-slide-inner\" ><div class=\"swiper-slide-contents\"><div class=\"elementor-slide-heading\">Sala de construcci\u00f3n<\/div><div class=\"elementor-slide-description\">\"Bloques\"<\/div><\/div><\/div><\/div><div class=\"elementor-repeater-item-3a40552 swiper-slide\" role=\"group\" aria-roledescription=\"slide\"><div class=\"swiper-slide-bg\" role=\"img\"><\/div><div class=\"swiper-slide-inner\" ><div class=\"swiper-slide-contents\"><div class=\"elementor-slide-heading\">Restaurante<\/div><div class=\"elementor-slide-description\">\"Don Tomate\"<\/div><\/div><\/div><\/div><div class=\"elementor-repeater-item-4013aaa swiper-slide\" role=\"group\" aria-roledescription=\"slide\"><div class=\"swiper-slide-bg\" role=\"img\"><\/div><div class=\"swiper-slide-inner\" ><div class=\"swiper-slide-contents\"><div class=\"elementor-slide-heading\">Sala de los Sentidos<\/div><\/div><\/div><\/div><div class=\"elementor-repeater-item-580dcfc swiper-slide\" role=\"group\" aria-roledescription=\"slide\"><div class=\"swiper-slide-bg\" role=\"img\"><\/div><div class=\"swiper-slide-inner\" ><div class=\"swiper-slide-contents\"><div class=\"elementor-slide-heading\">Mini Ciudad<\/div><\/div><\/div><\/div><div class=\"elementor-repeater-item-9d43bb7 swiper-slide\" role=\"group\" aria-roledescription=\"slide\"><div class=\"swiper-slide-bg\" role=\"img\"><\/div><div class=\"swiper-slide-inner\" ><div class=\"swiper-slide-contents\"><div class=\"elementor-slide-heading\">Oficina Psicolog\u00eda<\/div><\/div><\/div><\/div>\t\t\t\t<\/div>\n\t\t\t\t\t\t\t\t\t\t\t\t\t\t\t<div class=\"elementor-swiper-button elementor-swiper-button-prev\" role=\"button\" tabindex=\"0\" aria-label=\"Diapositiva anterior\">\n\t\t\t\t\t\t\t<svg aria-hidden=\"true\" class=\"e-font-icon-svg e-eicon-chevron-left\" viewBox=\"0 0 1000 1000\" xmlns=\"http:\/\/www.w3.org\/2000\/svg\"><path d=\"M646 125C629 125 613 133 604 142L308 442C296 454 292 471 292 487 292 504 296 521 308 533L604 854C617 867 629 875 646 875 663 875 679 871 692 858 704 846 713 829 713 812 713 796 708 779 692 767L438 487 692 225C700 217 708 204 708 187 708 171 704 154 692 142 675 129 663 125 646 125Z\"><\/path><\/svg>\t\t\t\t\t\t<\/div>\n\t\t\t\t\t\t<div class=\"elementor-swiper-button elementor-swiper-button-next\" role=\"button\" tabindex=\"0\" aria-label=\"Diapositiva siguiente\">\n\t\t\t\t\t\t\t<svg aria-hidden=\"true\" class=\"e-font-icon-svg e-eicon-chevron-right\" viewBox=\"0 0 1000 1000\" xmlns=\"http:\/\/www.w3.org\/2000\/svg\"><path d=\"M696 533C708 521 713 504 713 487 713 471 708 454 696 446L400 146C388 133 375 125 354 125 338 125 325 129 313 142 300 154 292 171 292 187 292 204 296 221 308 233L563 492 304 771C292 783 288 800 288 817 288 833 296 850 308 863 321 871 338 875 354 875 371 875 388 867 400 854L696 533Z\"><\/path><\/svg>\t\t\t\t\t\t<\/div>\n\t\t\t\t\t\t\t\t\t\t\t\t\t\t\t\t<div class=\"swiper-pagination\"><\/div>\n\t\t\t\t\t\t\t\t\t\t\t\t<\/div>\n\t\t\t\t<\/div>\n\t\t\t\t\t\t\t\t<\/div>\n\t\t\t\t<\/div>\n\t\t\t\t\t<\/div>\n\t\t\t\t<\/div>\n\t\t<div class=\"elementor-element elementor-element-1b6b561 e-flex e-con-boxed e-con e-parent\" data-id=\"1b6b561\" data-element_type=\"container\">\n\t\t\t\t\t<div class=\"e-con-inner\">\n\t\t\t\t<div class=\"elementor-element elementor-element-c762e93 elementor-widget__width-initial elementor-widget elementor-widget-text-editor\" data-id=\"c762e93\" data-element_type=\"widget\" data-widget_type=\"text-editor.default\">\n\t\t\t\t<div class=\"elementor-widget-container\">\n\t\t\t\t\t\t\t\t\t<p style=\"text-align: center;\">La sede del Jard\u00edn Infantil est\u00e1 pensada para trabajar en ambientes naturales y creativos, que se construyen para desarrollar una propuesta pedag\u00f3gica activa, siguiendo los principios pedag\u00f3gicos y pr\u00e1cticos de C\u00e9lestin Freinet y que a su vez propician el desarrollo de la sensibilidad, el experiencial y las relaciones armoniosas de los ni\u00f1o(a)s.\u00a0<\/p><p>Espacios de apoyo: Restaurante \u00abDon Tomate\u00bb, sala de los sue\u00f1os, enfermer\u00eda, psicolog\u00eda, mini ciudad y \u00e1reas de juegos infantiles en zonas verdes.\u00a0<\/p>\t\t\t\t\t\t\t\t<\/div>\n\t\t\t\t<\/div>\n\t\t\t\t\t<\/div>\n\t\t\t\t<\/div>\n\t\t<div class=\"elementor-element elementor-element-b6f0bfa e-flex e-con-boxed e-con e-parent\" data-id=\"b6f0bfa\" data-element_type=\"container\">\n\t\t\t\t\t<div class=\"e-con-inner\">\n\t\t\t\t<div class=\"elementor-element elementor-element-1410032 elementor-shape-circle elementor-grid-1 elementor-fixed e-grid-align-center elementor-invisible elementor-widget elementor-widget-social-icons\" data-id=\"1410032\" data-element_type=\"widget\" data-settings=\"{&quot;_position&quot;:&quot;fixed&quot;,&quot;_animation&quot;:&quot;zoomInLeft&quot;}\" data-widget_type=\"social-icons.default\">\n\t\t\t\t<div class=\"elementor-widget-container\">\n\t\t\t\t\t\t\t<div class=\"elementor-social-icons-wrapper elementor-grid\" role=\"list\">\n\t\t\t\t\t\t\t<span class=\"elementor-grid-item\" role=\"listitem\">\n\t\t\t\t\t<a class=\"elementor-icon elementor-social-icon elementor-social-icon-whatsapp elementor-animation-pop elementor-repeater-item-74163f3\" href=\"https:\/\/wa.link\/zqat6s\" target=\"_blank\">\n\t\t\t\t\t\t<span class=\"elementor-screen-only\">Whatsapp<\/span>\n\t\t\t\t\t\t<svg class=\"e-font-icon-svg e-fab-whatsapp\" viewBox=\"0 0 448 512\" xmlns=\"http:\/\/www.w3.org\/2000\/svg\"><path d=\"M380.9 97.1C339 55.1 283.2 32 223.9 32c-122.4 0-222 99.6-222 222 0 39.1 10.2 77.3 29.6 111L0 480l117.7-30.9c32.4 17.7 68.9 27 106.1 27h.1c122.3 0 224.1-99.6 224.1-222 0-59.3-25.2-115-67.1-157zm-157 341.6c-33.2 0-65.7-8.9-94-25.7l-6.7-4-69.8 18.3L72 359.2l-4.4-7c-18.5-29.4-28.2-63.3-28.2-98.2 0-101.7 82.8-184.5 184.6-184.5 49.3 0 95.6 19.2 130.4 54.1 34.8 34.9 56.2 81.2 56.1 130.5 0 101.8-84.9 184.6-186.6 184.6zm101.2-138.2c-5.5-2.8-32.8-16.2-37.9-18-5.1-1.9-8.8-2.8-12.5 2.8-3.7 5.6-14.3 18-17.6 21.8-3.2 3.7-6.5 4.2-12 1.4-32.6-16.3-54-29.1-75.5-66-5.7-9.8 5.7-9.1 16.3-30.3 1.8-3.7.9-6.9-.5-9.7-1.4-2.8-12.5-30.1-17.1-41.2-4.5-10.8-9.1-9.3-12.5-9.5-3.2-.2-6.9-.2-10.6-.2-3.7 0-9.7 1.4-14.8 6.9-5.1 5.6-19.4 19-19.4 46.3 0 27.3 19.9 53.7 22.6 57.4 2.8 3.7 39.1 59.7 94.8 83.8 35.2 15.2 49 16.5 66.6 13.9 10.7-1.6 32.8-13.4 37.4-26.4 4.6-13 4.6-24.1 3.2-26.4-1.3-2.5-5-3.9-10.5-6.6z\"><\/path><\/svg>\t\t\t\t\t<\/a>\n\t\t\t\t<\/span>\n\t\t\t\t\t\t\t<span class=\"elementor-grid-item\" role=\"listitem\">\n\t\t\t\t\t<a class=\"elementor-icon elementor-social-icon elementor-social-icon-instagram elementor-animation-pop elementor-repeater-item-a5d4c27\" href=\"https:\/\/www.instagram.com\/jardinkayruna\" target=\"_blank\">\n\t\t\t\t\t\t<span class=\"elementor-screen-only\">Instagram<\/span>\n\t\t\t\t\t\t<svg class=\"e-font-icon-svg e-fab-instagram\" viewBox=\"0 0 448 512\" xmlns=\"http:\/\/www.w3.org\/2000\/svg\"><path d=\"M224.1 141c-63.6 0-114.9 51.3-114.9 114.9s51.3 114.9 114.9 114.9S339 319.5 339 255.9 287.7 141 224.1 141zm0 189.6c-41.1 0-74.7-33.5-74.7-74.7s33.5-74.7 74.7-74.7 74.7 33.5 74.7 74.7-33.6 74.7-74.7 74.7zm146.4-194.3c0 14.9-12 26.8-26.8 26.8-14.9 0-26.8-12-26.8-26.8s12-26.8 26.8-26.8 26.8 12 26.8 26.8zm76.1 27.2c-1.7-35.9-9.9-67.7-36.2-93.9-26.2-26.2-58-34.4-93.9-36.2-37-2.1-147.9-2.1-184.9 0-35.8 1.7-67.6 9.9-93.9 36.1s-34.4 58-36.2 93.9c-2.1 37-2.1 147.9 0 184.9 1.7 35.9 9.9 67.7 36.2 93.9s58 34.4 93.9 36.2c37 2.1 147.9 2.1 184.9 0 35.9-1.7 67.7-9.9 93.9-36.2 26.2-26.2 34.4-58 36.2-93.9 2.1-37 2.1-147.8 0-184.8zM398.8 388c-7.8 19.6-22.9 34.7-42.6 42.6-29.5 11.7-99.5 9-132.1 9s-102.7 2.6-132.1-9c-19.6-7.8-34.7-22.9-42.6-42.6-11.7-29.5-9-99.5-9-132.1s-2.6-102.7 9-132.1c7.8-19.6 22.9-34.7 42.6-42.6 29.5-11.7 99.5-9 132.1-9s102.7-2.6 132.1 9c19.6 7.8 34.7 22.9 42.6 42.6 11.7 29.5 9 99.5 9 132.1s2.7 102.7-9 132.1z\"><\/path><\/svg>\t\t\t\t\t<\/a>\n\t\t\t\t<\/span>\n\t\t\t\t\t\t\t<span class=\"elementor-grid-item\" role=\"listitem\">\n\t\t\t\t\t<a class=\"elementor-icon elementor-social-icon elementor-social-icon-facebook elementor-animation-pop elementor-repeater-item-fb70976\" href=\"https:\/\/www.facebook.com\/jardinkayruna\" target=\"_blank\">\n\t\t\t\t\t\t<span class=\"elementor-screen-only\">Facebook<\/span>\n\t\t\t\t\t\t<svg class=\"e-font-icon-svg e-fab-facebook\" viewBox=\"0 0 512 512\" xmlns=\"http:\/\/www.w3.org\/2000\/svg\"><path d=\"M504 256C504 119 393 8 256 8S8 119 8 256c0 123.78 90.69 226.38 209.25 245V327.69h-63V256h63v-54.64c0-62.15 37-96.48 93.67-96.48 27.14 0 55.52 4.84 55.52 4.84v61h-31.28c-30.8 0-40.41 19.12-40.41 38.73V256h68.78l-11 71.69h-57.78V501C413.31 482.38 504 379.78 504 256z\"><\/path><\/svg>\t\t\t\t\t<\/a>\n\t\t\t\t<\/span>\n\t\t\t\t\t\t\t<span class=\"elementor-grid-item\" role=\"listitem\">\n\t\t\t\t\t<a class=\"elementor-icon elementor-social-icon elementor-social-icon-youtube elementor-animation-pop elementor-repeater-item-a3295a5\" href=\"https:\/\/www.youtube.com\/@jardinkayruna\" target=\"_blank\">\n\t\t\t\t\t\t<span class=\"elementor-screen-only\">Youtube<\/span>\n\t\t\t\t\t\t<svg class=\"e-font-icon-svg e-fab-youtube\" viewBox=\"0 0 576 512\" xmlns=\"http:\/\/www.w3.org\/2000\/svg\"><path d=\"M549.655 124.083c-6.281-23.65-24.787-42.276-48.284-48.597C458.781 64 288 64 288 64S117.22 64 74.629 75.486c-23.497 6.322-42.003 24.947-48.284 48.597-11.412 42.867-11.412 132.305-11.412 132.305s0 89.438 11.412 132.305c6.281 23.65 24.787 41.5 48.284 47.821C117.22 448 288 448 288 448s170.78 0 213.371-11.486c23.497-6.321 42.003-24.171 48.284-47.821 11.412-42.867 11.412-132.305 11.412-132.305s0-89.438-11.412-132.305zm-317.51 213.508V175.185l142.739 81.205-142.739 81.201z\"><\/path><\/svg>\t\t\t\t\t<\/a>\n\t\t\t\t<\/span>\n\t\t\t\t\t<\/div>\n\t\t\t\t\t\t<\/div>\n\t\t\t\t<\/div>\n\t\t\t\t\t<\/div>\n\t\t\t\t<\/div>\n\t\t\t\t<\/div>\n\t\t","protected":false},"excerpt":{"rendered":"<p>Espacios y Ambientes Kayruna Sala de lectura \u00abBosque de los Cuentos\u00bbGimnasio InfantilSala de expresi\u00f3n\u00bbRitmo y movimiento\u00bbSala de artes pl\u00e1sticas\u00bbGarabatos\u00bbSala de [&hellip;]<\/p>\n","protected":false},"author":1,"featured_media":0,"parent":0,"menu_order":0,"comment_status":"closed","ping_status":"closed","template":"","meta":{"site-sidebar-layout":"no-sidebar","site-content-layout":"","ast-site-content-layout":"full-width-container","site-content-style":"default","site-sidebar-style":"default","ast-global-header-display":"","ast-banner-title-visibility":"","ast-main-header-display":"","ast-hfb-above-header-display":"","ast-hfb-below-header-display":"","ast-hfb-mobile-header-display":"","site-post-title":"disabled","ast-breadcrumbs-content":"","ast-featured-img":"disabled","footer-sml-layout":"","theme-transparent-header-meta":"","adv-header-id-meta":"","stick-header-meta":"","header-above-stick-meta":"","header-main-stick-meta":"","header-below-stick-meta":"","astra-migrate-meta-layouts":"default","ast-page-background-enabled":"default","ast-page-background-meta":{"desktop":{"background-color":"var(--ast-global-color-4)","background-image":"","background-repeat":"repeat","background-position":"center center","background-size":"auto","background-attachment":"scroll","background-type":"","background-media":"","overlay-type":"","overlay-color":"","overlay-opacity":"","overlay-gradient":""},"tablet":{"background-color":"","background-image":"","background-repeat":"repeat","background-position":"center center","background-size":"auto","background-attachment":"scroll","background-type":"","background-media":"","overlay-type":"","overlay-color":"","overlay-opacity":"","overlay-gradient":""},"mobile":{"background-color":"","background-image":"","background-repeat":"repeat","background-position":"center center","background-size":"auto","background-attachment":"scroll","background-type":"","background-media":"","overlay-type":"","overlay-color":"","overlay-opacity":"","overlay-gradient":""}},"ast-content-background-meta":{"desktop":{"background-color":"var(--ast-global-color-5)","background-image":"","background-repeat":"repeat","background-position":"center center","background-size":"auto","background-attachment":"scroll","background-type":"","background-media":"","overlay-type":"","overlay-color":"","overlay-opacity":"","overlay-gradient":""},"tablet":{"background-color":"var(--ast-global-color-5)","background-image":"","background-repeat":"repeat","background-position":"center center","background-size":"auto","background-attachment":"scroll","background-type":"","background-media":"","overlay-type":"","overlay-color":"","overlay-opacity":"","overlay-gradient":""},"mobile":{"background-color":"var(--ast-global-color-5)","background-image":"","background-repeat":"repeat","background-position":"center center","background-size":"auto","background-attachment":"scroll","background-type":"","background-media":"","overlay-type":"","overlay-color":"","overlay-opacity":"","overlay-gradient":""}},"footnotes":""},"class_list":["post-1052","page","type-page","status-publish","hentry"],"yoast_head":"<!-- This site is optimized with the Yoast SEO plugin v25.6 - https:\/\/yoast.com\/wordpress\/plugins\/seo\/ -->\n<title>Nuestros ambientes - Kayruna<\/title>\n<meta name=\"robots\" content=\"index, follow, max-snippet:-1, max-image-preview:large, max-video-preview:-1\" \/>\n<link rel=\"canonical\" href=\"https:\/\/jardinkayruna.edu.co\/cali\/nuestros-ambientes\/\" \/>\n<meta property=\"og:locale\" content=\"es_ES\" \/>\n<meta property=\"og:type\" content=\"article\" \/>\n<meta property=\"og:title\" content=\"Nuestros ambientes - Kayruna\" \/>\n<meta property=\"og:description\" content=\"Espacios y Ambientes Kayruna Sala de lectura \u00abBosque de los Cuentos\u00bbGimnasio InfantilSala de expresi\u00f3n\u00bbRitmo y movimiento\u00bbSala de artes pl\u00e1sticas\u00bbGarabatos\u00bbSala de [&hellip;]\" \/>\n<meta property=\"og:url\" content=\"https:\/\/jardinkayruna.edu.co\/cali\/nuestros-ambientes\/\" \/>\n<meta property=\"og:site_name\" content=\"Kayruna\" \/>\n<meta property=\"article:modified_time\" content=\"2025-08-25T19:44:10+00:00\" \/>\n<meta name=\"twitter:card\" content=\"summary_large_image\" \/>\n<meta name=\"twitter:label1\" content=\"Tiempo de lectura\" \/>\n\t<meta name=\"twitter:data1\" content=\"1 minuto\" \/>\n<script type=\"application\/ld+json\" class=\"yoast-schema-graph\">{\"@context\":\"https:\/\/schema.org\",\"@graph\":[{\"@type\":\"WebPage\",\"@id\":\"https:\/\/jardinkayruna.edu.co\/cali\/nuestros-ambientes\/\",\"url\":\"https:\/\/jardinkayruna.edu.co\/cali\/nuestros-ambientes\/\",\"name\":\"Nuestros ambientes - Kayruna\",\"isPartOf\":{\"@id\":\"https:\/\/jardinkayruna.edu.co\/cali\/#website\"},\"datePublished\":\"2025-07-21T16:31:44+00:00\",\"dateModified\":\"2025-08-25T19:44:10+00:00\",\"breadcrumb\":{\"@id\":\"https:\/\/jardinkayruna.edu.co\/cali\/nuestros-ambientes\/#breadcrumb\"},\"inLanguage\":\"es\",\"potentialAction\":[{\"@type\":\"ReadAction\",\"target\":[\"https:\/\/jardinkayruna.edu.co\/cali\/nuestros-ambientes\/\"]}]},{\"@type\":\"BreadcrumbList\",\"@id\":\"https:\/\/jardinkayruna.edu.co\/cali\/nuestros-ambientes\/#breadcrumb\",\"itemListElement\":[{\"@type\":\"ListItem\",\"position\":1,\"name\":\"Portada\",\"item\":\"https:\/\/jardinkayruna.edu.co\/cali\/\"},{\"@type\":\"ListItem\",\"position\":2,\"name\":\"Nuestros ambientes\"}]},{\"@type\":\"WebSite\",\"@id\":\"https:\/\/jardinkayruna.edu.co\/cali\/#website\",\"url\":\"https:\/\/jardinkayruna.edu.co\/cali\/\",\"name\":\"Kayruna\",\"description\":\"\",\"publisher\":{\"@id\":\"https:\/\/jardinkayruna.edu.co\/cali\/#organization\"},\"potentialAction\":[{\"@type\":\"SearchAction\",\"target\":{\"@type\":\"EntryPoint\",\"urlTemplate\":\"https:\/\/jardinkayruna.edu.co\/cali\/?s={search_term_string}\"},\"query-input\":{\"@type\":\"PropertyValueSpecification\",\"valueRequired\":true,\"valueName\":\"search_term_string\"}}],\"inLanguage\":\"es\"},{\"@type\":\"Organization\",\"@id\":\"https:\/\/jardinkayruna.edu.co\/cali\/#organization\",\"name\":\"Kayruna\",\"url\":\"https:\/\/jardinkayruna.edu.co\/cali\/\",\"logo\":{\"@type\":\"ImageObject\",\"inLanguage\":\"es\",\"@id\":\"https:\/\/jardinkayruna.edu.co\/cali\/#\/schema\/logo\/image\/\",\"url\":\"https:\/\/jardinkayruna.edu.co\/cali\/wp-content\/uploads\/2025\/07\/LOGO-KAYRUNA_Mesa-de-trabajo-1-3.png\",\"contentUrl\":\"https:\/\/jardinkayruna.edu.co\/cali\/wp-content\/uploads\/2025\/07\/LOGO-KAYRUNA_Mesa-de-trabajo-1-3.png\",\"width\":1067,\"height\":1067,\"caption\":\"Kayruna\"},\"image\":{\"@id\":\"https:\/\/jardinkayruna.edu.co\/cali\/#\/schema\/logo\/image\/\"}}]}<\/script>\n<!-- \/ Yoast SEO plugin. -->","yoast_head_json":{"title":"Nuestros ambientes - Kayruna","robots":{"index":"index","follow":"follow","max-snippet":"max-snippet:-1","max-image-preview":"max-image-preview:large","max-video-preview":"max-video-preview:-1"},"canonical":"https:\/\/jardinkayruna.edu.co\/cali\/nuestros-ambientes\/","og_locale":"es_ES","og_type":"article","og_title":"Nuestros ambientes - Kayruna","og_description":"Espacios y Ambientes Kayruna Sala de lectura \u00abBosque de los Cuentos\u00bbGimnasio InfantilSala de expresi\u00f3n\u00bbRitmo y movimiento\u00bbSala de artes pl\u00e1sticas\u00bbGarabatos\u00bbSala de [&hellip;]","og_url":"https:\/\/jardinkayruna.edu.co\/cali\/nuestros-ambientes\/","og_site_name":"Kayruna","article_modified_time":"2025-08-25T19:44:10+00:00","twitter_card":"summary_large_image","twitter_misc":{"Tiempo de lectura":"1 minuto"},"schema":{"@context":"https:\/\/schema.org","@graph":[{"@type":"WebPage","@id":"https:\/\/jardinkayruna.edu.co\/cali\/nuestros-ambientes\/","url":"https:\/\/jardinkayruna.edu.co\/cali\/nuestros-ambientes\/","name":"Nuestros ambientes - Kayruna","isPartOf":{"@id":"https:\/\/jardinkayruna.edu.co\/cali\/#website"},"datePublished":"2025-07-21T16:31:44+00:00","dateModified":"2025-08-25T19:44:10+00:00","breadcrumb":{"@id":"https:\/\/jardinkayruna.edu.co\/cali\/nuestros-ambientes\/#breadcrumb"},"inLanguage":"es","potentialAction":[{"@type":"ReadAction","target":["https:\/\/jardinkayruna.edu.co\/cali\/nuestros-ambientes\/"]}]},{"@type":"BreadcrumbList","@id":"https:\/\/jardinkayruna.edu.co\/cali\/nuestros-ambientes\/#breadcrumb","itemListElement":[{"@type":"ListItem","position":1,"name":"Portada","item":"https:\/\/jardinkayruna.edu.co\/cali\/"},{"@type":"ListItem","position":2,"name":"Nuestros ambientes"}]},{"@type":"WebSite","@id":"https:\/\/jardinkayruna.edu.co\/cali\/#website","url":"https:\/\/jardinkayruna.edu.co\/cali\/","name":"Kayruna","description":"","publisher":{"@id":"https:\/\/jardinkayruna.edu.co\/cali\/#organization"},"potentialAction":[{"@type":"SearchAction","target":{"@type":"EntryPoint","urlTemplate":"https:\/\/jardinkayruna.edu.co\/cali\/?s={search_term_string}"},"query-input":{"@type":"PropertyValueSpecification","valueRequired":true,"valueName":"search_term_string"}}],"inLanguage":"es"},{"@type":"Organization","@id":"https:\/\/jardinkayruna.edu.co\/cali\/#organization","name":"Kayruna","url":"https:\/\/jardinkayruna.edu.co\/cali\/","logo":{"@type":"ImageObject","inLanguage":"es","@id":"https:\/\/jardinkayruna.edu.co\/cali\/#\/schema\/logo\/image\/","url":"https:\/\/jardinkayruna.edu.co\/cali\/wp-content\/uploads\/2025\/07\/LOGO-KAYRUNA_Mesa-de-trabajo-1-3.png","contentUrl":"https:\/\/jardinkayruna.edu.co\/cali\/wp-content\/uploads\/2025\/07\/LOGO-KAYRUNA_Mesa-de-trabajo-1-3.png","width":1067,"height":1067,"caption":"Kayruna"},"image":{"@id":"https:\/\/jardinkayruna.edu.co\/cali\/#\/schema\/logo\/image\/"}}]}},"_links":{"self":[{"href":"https:\/\/jardinkayruna.edu.co\/cali\/wp-json\/wp\/v2\/pages\/1052","targetHints":{"allow":["GET"]}}],"collection":[{"href":"https:\/\/jardinkayruna.edu.co\/cali\/wp-json\/wp\/v2\/pages"}],"about":[{"href":"https:\/\/jardinkayruna.edu.co\/cali\/wp-json\/wp\/v2\/types\/page"}],"author":[{"embeddable":true,"href":"https:\/\/jardinkayruna.edu.co\/cali\/wp-json\/wp\/v2\/users\/1"}],"replies":[{"embeddable":true,"href":"https:\/\/jardinkayruna.edu.co\/cali\/wp-json\/wp\/v2\/comments?post=1052"}],"version-history":[{"count":43,"href":"https:\/\/jardinkayruna.edu.co\/cali\/wp-json\/wp\/v2\/pages\/1052\/revisions"}],"predecessor-version":[{"id":2120,"href":"https:\/\/jardinkayruna.edu.co\/cali\/wp-json\/wp\/v2\/pages\/1052\/revisions\/2120"}],"wp:attachment":[{"href":"https:\/\/jardinkayruna.edu.co\/cali\/wp-json\/wp\/v2\/media?parent=1052"}],"curies":[{"name":"wp","href":"https:\/\/api.w.org\/{rel}","templated":true}]}}